{"id":71015,"date":"2025-10-29T18:26:34","date_gmt":"2025-10-29T18:26:34","guid":{"rendered":"https:\/\/cortho.org\/workers-compensation\/principios-generales-para-la-ablacion-por-radiofrecuencia-neurotomia-y-rizotomia-facetaria-para-pacientes-de-compensacion-laboral\/"},"modified":"2026-01-08T07:35:48","modified_gmt":"2026-01-08T07:35:48","slug":"principios-generales-para-la-ablacion-por-radiofrecuencia-neurotomia-y-rizotomia-facetaria-para-pacientes-de-compensacion-laboral","status":"publish","type":"workers-compensation","link":"https:\/\/www.cortho.org\/es\/compensacion-laboral\/cuello\/principios-generales-para-la-ablacion-por-radiofrecuencia-neurotomia-y-rizotomia-facetaria-para-pacientes-de-compensacion-laboral\/","title":{"rendered":"Principios generales para la ablaci\u00f3n por radiofrecuencia, neurotom\u00eda y rizotom\u00eda facetaria para pacientes de compensaci\u00f3n laboral"},"content":{"rendered":"\n<p>La junta de compensaci\u00f3n laboral del Estado de Nueva York ha desarrollado estas directrices para ayudar a m\u00e9dicos, pod\u00f3logos y otros profesionales sanitarios a proporcionar tratamientos adecuados para la ablaci\u00f3n por radiofrecuencia, neurotom\u00eda y rizotom\u00eda facetaria.<\/p>\n\n<p>Estas directrices de la Junta de Compensaci\u00f3n Laboral est\u00e1n destinadas a ayudar a los profesionales sanitarios a tomar decisiones sobre el nivel adecuado de atenci\u00f3n para sus pacientes con trastornos de tobillo y pie.<\/p>\n\n<p>Las directrices no sustituyen el juicio cl\u00ednico ni la experiencia profesional. La decisi\u00f3n final sobre la atenci\u00f3n debe ser tomada por el paciente en consulta con su proveedor sanitario. <\/p>\n\n<h2 class=\"wp-block-heading\">Ablaci\u00f3n por radiofrecuencia, neurotom\u00eda, rizotom\u00eda facetaria<\/h2>\n\n<p>Una t\u00e9cnica destinada a ablar las ramas mediales sensoriales relevantes para cortar\/eliminar el punto de la fachada. La t\u00e9cnica m\u00e1s empleada es la radiofrecuencia percut\u00e1nea continua. <\/p>\n\n<p>Se recomienda utilizar neurotom\u00eda de la rama medial por radiofrecuencia en lugar de alcohol, fenol, otras sustancias inyectables o crioablaci\u00f3n.<\/p>\n\n<p>Para que la sonda se coloque con precisi\u00f3n, es necesario guiar con fluoroscopia. Para documentar la instalaci\u00f3n adecuada del dispositivo, se deben tomar fotos permanentes. <\/p>\n\n<h3 class=\"wp-block-heading\">Ablaci\u00f3n por radiofrecuencia, neurotom\u00eda, rizotom\u00eda facetaria<\/h3>\n\n<p>Se recomienda la ablaci\u00f3n por radiofrecuencia, la neurotom\u00eda y la rizotom\u00eda facetaria. El uso de neurotom\u00eda\/rizotom\u00eda facetaria\/radiofrecuencia puede recomendarse para personas con molestias generalizadas en las articulaciones facetarias en las que dos bloqueos diagn\u00f3sticos de rama nerviosa medial hayan sido terap\u00e9uticamente efectivos.<\/p>\n\n<p><strong>Nota:<\/strong> Si hay un m\u00e1ximo de 3 articulaciones facetarias implicadas, esta cirug\u00eda no se recomienda (cuatro nervios de rama medial).<\/p>\n\n<p>En todos los pacientes debe observarse una respuesta eficaz a un bloqueo interpretado de la rama nerviosa medial y a un bloqueo modificado distinto.<\/p>\n\n<p>Se requiere una reducci\u00f3n del dolor de al menos un 50% respecto al inicio durante el periodo necesario para que el anest\u00e9sico local haga efecto, asociada a la mejora funcional, para que un bloqueo diagn\u00f3stico se considere positivo.<\/p>\n\n<p>El paciente tambi\u00e9n debe enumerar las tareas cotidianas que su malestar dificulta (esto puede incluir una evaluaci\u00f3n del rango de movimiento). En el entorno cl\u00ednico, el profesional debe observar y registrar el progreso funcional en las actividades listadas. <\/p>\n\n<ol class=\"wp-block-list\">\n<li><strong>Terapia post-procedimiento<\/strong>Se recomienda la terapia postoperatoria. Salvo dificultades, se recomienda comenzar un r\u00e9gimen de recondicionamiento moderado durante la primera semana postoperatoria.<br\/>Se deben ense\u00f1ar y practicar ejercicios para la resistencia, el fortalecimiento cervical y tor\u00e1cico, el rango de movimiento, la reeducaci\u00f3n postural o neuromuscular y la estabilidad como parte de un programa a largo plazo en casa. Frecuencia: 4\u201310 visitas tras la operaci\u00f3n.<\/li>\n\n\n\n<li><strong>Neurotom\u00eda repetida por radiofrecuencia (o neurotom\u00edas de radiofrecuencia de nivel adicional)<\/strong>Se recomienda la neurotom\u00eda repetida por radiofrecuencia (o neurotom\u00edas de radiofrecuencia a nivel adicional) en algunas personas que experimentan dolor recurrente entre seis y nueve meses tras recibir alivio del dolor en cirug\u00edas previas. Nota: Si el patr\u00f3n de dolor del paciente se manifiesta de forma diferente a la que se manifest\u00f3 durante el examen original, se puede confirmar la inyecci\u00f3n de la eflorescencia o Ch mediante neurotom\u00eda de eflorescencia y radiofrecuencia. Frecuencia \u2013 Cuando el dolor y la funci\u00f3n mejoran, es decir, aproximadamente dos veces al a\u00f1o<\/li>\n<\/ol>\n\n<h2 class=\"wp-block-heading\">Qu\u00e9 podemos hacer en nuestra consulta si necesitas ablaci\u00f3n por radiofrecuencia, neurotom\u00eda, rizotom\u00eda facetaria<\/h2>\n\n<p>Contamos con la experiencia necesaria para ayudarte con sus lesiones de compensaci\u00f3n laboral. Entendemos por lo que est\u00e1s pasando, atenderemos tus necesidades m\u00e9dicas y seguiremos las directrices establecidas por la Junta de Compensaci\u00f3n Laboral del Estado de Nueva York. <\/p>\n\n<p>Entendemos la importancia de tus casos de compensaci\u00f3n laboral. D\u00e9janos ayudarte a navegar por el laberinto de tratar con la compa\u00f1\u00eda de seguros de compensaci\u00f3n laboral y tu empleador. <\/p>\n\n<p>Entendemos que este es un momento estresante para ti y tu familia. Si desea concertar una cita, por favor cont\u00e1ctenos para que hagamos todo lo posible para que le resulte lo m\u00e1s f\u00e1cil posible. <\/p>\n","protected":false},"excerpt":{"rendered":"<p>La junta de compensaci\u00f3n laboral del Estado de Nueva York ha desarrollado estas directrices para ayudar a m\u00e9dicos, pod\u00f3logos y otros profesionales sanitarios a proporcionar tratamientos adecuados para la ablaci\u00f3n por radiofrecuencia, neurotom\u00eda y rizotom\u00eda facetaria. Estas directrices de la Junta de Compensaci\u00f3n Laboral est\u00e1n destinadas a ayudar a los profesionales sanitarios a tomar decisiones [&hellip;]<\/p>\n","protected":false},"featured_media":67896,"parent":0,"menu_order":0,"template":"","meta":{"_acf_changed":false,"_seopress_robots_primary_cat":"","_seopress_titles_title":"Principios directivos para la ablaci\u00f3n por radiofrecuencia - Ortopedia completa","_seopress_titles_desc":"Principios generales para ablaci\u00f3n por radiofrecuencia, neurotom\u00eda y rizotom\u00eda facetaria para pacientes de compensaci\u00f3n laboral. Visita Complete Orthopedics para saber m\u00e1s. ","_seopress_robots_index":"yes","footnotes":""},"workers-compensation-categories":[165],"class_list":["post-71015","workers-compensation","type-workers-compensation","status-publish","has-post-thumbnail","hentry","workers-compensation-categories-cuello"],"acf":[],"_links":{"self":[{"href":"https:\/\/www.cortho.org\/es\/wp-json\/wp\/v2\/workers-compensation\/71015","targetHints":{"allow":["GET"]}}],"collection":[{"href":"https:\/\/www.cortho.org\/es\/wp-json\/wp\/v2\/workers-compensation"}],"about":[{"href":"https:\/\/www.cortho.org\/es\/wp-json\/wp\/v2\/types\/workers-compensation"}],"version-history":[{"count":1,"href":"https:\/\/www.cortho.org\/es\/wp-json\/wp\/v2\/workers-compensation\/71015\/revisions"}],"predecessor-version":[{"id":71016,"href":"https:\/\/www.cortho.org\/es\/wp-json\/wp\/v2\/workers-compensation\/71015\/revisions\/71016"}],"wp:featuredmedia":[{"embeddable":true,"href":"https:\/\/www.cortho.org\/es\/wp-json\/wp\/v2\/media\/67896"}],"wp:attachment":[{"href":"https:\/\/www.cortho.org\/es\/wp-json\/wp\/v2\/media?parent=71015"}],"wp:term":[{"taxonomy":"workers-compensation-categories","embeddable":true,"href":"https:\/\/www.cortho.org\/es\/wp-json\/wp\/v2\/workers-compensation-categories?post=71015"}],"curies":[{"name":"wp","href":"https:\/\/api.w.org\/{rel}","templated":true}]}}

Principios generales para la ablación por radiofrecuencia, neurotomía y rizotomía facetaria para pacientes de compensación laboral

<p>La junta de compensación laboral del Estado de Nueva York ha desarrollado estas directrices para ayudar a médicos, podólogos y otros profesionales sanitarios a proporcionar tratamientos adecuados para la ablación por radiofrecuencia, neurotomía y rizotomía facetaria.</p>

<p>Estas directrices de la Junta de Compensación Laboral están destinadas a ayudar a los profesionales sanitarios a tomar decisiones sobre el nivel adecuado de atención para sus pacientes con trastornos de tobillo y pie.</p>

<p>Las directrices no sustituyen el juicio clínico ni la experiencia profesional. La decisión final sobre la atención debe ser tomada por el paciente en consulta con su proveedor sanitario. </p>

<h2 class="wp-block-heading">Ablación por radiofrecuencia, neurotomía, rizotomía facetaria</h2>

<p>Una técnica destinada a ablar las ramas mediales sensoriales relevantes para cortar/eliminar el punto de la fachada. La técnica más empleada es la radiofrecuencia percutánea continua. </p>

<p>Se recomienda utilizar neurotomía de la rama medial por radiofrecuencia en lugar de alcohol, fenol, otras sustancias inyectables o crioablación.</p>

<p>Para que la sonda se coloque con precisión, es necesario guiar con fluoroscopia. Para documentar la instalación adecuada del dispositivo, se deben tomar fotos permanentes. </p>

<h3 class="wp-block-heading">Ablación por radiofrecuencia, neurotomía, rizotomía facetaria</h3>

<p>Se recomienda la ablación por radiofrecuencia, la neurotomía y la rizotomía facetaria. El uso de neurotomía/rizotomía facetaria/radiofrecuencia puede recomendarse para personas con molestias generalizadas en las articulaciones facetarias en las que dos bloqueos diagnósticos de rama nerviosa medial hayan sido terapéuticamente efectivos.</p>

<p><strong>Nota:</strong> Si hay un máximo de 3 articulaciones facetarias implicadas, esta cirugía no se recomienda (cuatro nervios de rama medial).</p>

<p>En todos los pacientes debe observarse una respuesta eficaz a un bloqueo interpretado de la rama nerviosa medial y a un bloqueo modificado distinto.</p>

<p>Se requiere una reducción del dolor de al menos un 50% respecto al inicio durante el periodo necesario para que el anestésico local haga efecto, asociada a la mejora funcional, para que un bloqueo diagnóstico se considere positivo.</p>

<p>El paciente también debe enumerar las tareas cotidianas que su malestar dificulta (esto puede incluir una evaluación del rango de movimiento). En el entorno clínico, el profesional debe observar y registrar el progreso funcional en las actividades listadas. </p>

<ol class="wp-block-list">
<li><strong>Terapia post-procedimiento</strong>Se recomienda la terapia postoperatoria. Salvo dificultades, se recomienda comenzar un régimen de recondicionamiento moderado durante la primera semana postoperatoria.<br/>Se deben enseñar y practicar ejercicios para la resistencia, el fortalecimiento cervical y torácico, el rango de movimiento, la reeducación postural o neuromuscular y la estabilidad como parte de un programa a largo plazo en casa. Frecuencia: 4–10 visitas tras la operación.</li>



<li><strong>Neurotomía repetida por radiofrecuencia (o neurotomías de radiofrecuencia de nivel adicional)</strong>Se recomienda la neurotomía repetida por radiofrecuencia (o neurotomías de radiofrecuencia a nivel adicional) en algunas personas que experimentan dolor recurrente entre seis y nueve meses tras recibir alivio del dolor en cirugías previas. Nota: Si el patrón de dolor del paciente se manifiesta de forma diferente a la que se manifestó durante el examen original, se puede confirmar la inyección de la eflorescencia o Ch mediante neurotomía de eflorescencia y radiofrecuencia. Frecuencia – Cuando el dolor y la función mejoran, es decir, aproximadamente dos veces al año</li>
</ol>

<h2 class="wp-block-heading">Qué podemos hacer en nuestra consulta si necesitas ablación por radiofrecuencia, neurotomía, rizotomía facetaria</h2>

<p>Contamos con la experiencia necesaria para ayudarte con sus lesiones de compensación laboral. Entendemos por lo que estás pasando, atenderemos tus necesidades médicas y seguiremos las directrices establecidas por la Junta de Compensación Laboral del Estado de Nueva York. </p>

<p>Entendemos la importancia de tus casos de compensación laboral. Déjanos ayudarte a navegar por el laberinto de tratar con la compañía de seguros de compensación laboral y tu empleador. </p>

<p>Entendemos que este es un momento estresante para ti y tu familia. Si desea concertar una cita, por favor contáctenos para que hagamos todo lo posible para que le resulte lo más fácil posible. </p>

<p>La junta de compensación laboral del Estado de Nueva York ha desarrollado estas directrices para ayudar a médicos, podólogos y otros profesionales sanitarios a proporcionar tratamientos adecuados para la ablación por radiofrecuencia, neurotomía y rizotomía facetaria. Estas directrices de la Junta de Compensación Laboral están destinadas a ayudar a los profesionales sanitarios a tomar decisiones [&hellip;]</p>

Principios directivos para la ablación por radiofrecuencia - Ortopedia completa

Principios generales para ablación por radiofrecuencia, neurotomía y rizotomía facetaria para pacientes de compensación laboral. Visita Complete Orthopedics para saber más.
