{"id":70990,"date":"2025-10-28T04:48:47","date_gmt":"2025-10-28T04:48:47","guid":{"rendered":"https:\/\/cortho.org\/workers-compensation\/principios-generales-de-directrices-para-la-silicosis-en-pacientes-de-compensacion-laboral\/"},"modified":"2026-01-08T07:34:06","modified_gmt":"2026-01-08T07:34:06","slug":"principios-generales-de-directrices-para-la-silicosis-en-pacientes-de-compensacion-laboral","status":"publish","type":"workers-compensation","link":"https:\/\/www.cortho.org\/es\/compensacion-laboral\/enfermedad-pulmonar-intersticial-ocupacional\/principios-generales-de-directrices-para-la-silicosis-en-pacientes-de-compensacion-laboral\/","title":{"rendered":"Principios generales de directrices para la silicosis en pacientes de compensaci\u00f3n laboral"},"content":{"rendered":"\n<p>La junta de compensaci\u00f3n laboral del Estado de Nueva York ha desarrollado estas directrices para ayudar a m\u00e9dicos, pod\u00f3logos y otros profesionales sanitarios a proporcionar el tratamiento adecuado para la silicosis.<\/p>\n\n<p>Estas directrices de la Junta de Compensaci\u00f3n Laboral est\u00e1n destinadas a ayudar a los profesionales sanitarios a tomar decisiones sobre el nivel adecuado de atenci\u00f3n para sus pacientes con trastornos de tobillo y pie.<\/p>\n\n<p>Las directrices no sustituyen el juicio cl\u00ednico ni la experiencia profesional. La decisi\u00f3n final sobre la atenci\u00f3n debe ser tomada por el paciente en consulta con su proveedor sanitario. <\/p>\n\n<h2 class=\"wp-block-heading\">Silicosis de la enfermedad pulmonar intersticial ocupacional<\/h2>\n\n<p>Una cantidad suficiente de exposici\u00f3n a s\u00edlice respirable provoca silicosis, una enfermedad incurable vinculada a varios problemas pulmonares y sist\u00e9micos. Los pacientes con silicosis o expuestos a s\u00edlice tienen m\u00e1s probabilidades de desarrollar c\u00e1ncer de pulm\u00f3n. En octubre de 1996, la IARC clasific\u00f3 la s\u00edlice como un compuesto qu\u00edmico del Grupo I que es \u00abcancer\u00edgeno para los humanos\u00bb.  <\/p>\n\n<p>Al menos 1,7 millones de empleados estadounidenses est\u00e1n expuestos a s\u00edlice cristalina respirable, lo que convierte a la silicosis en la enfermedad profesional m\u00e1s prevalente en el mundo.<\/p>\n\n<h3 class=\"wp-block-heading\">Agente etiol\u00f3gico de la silicosis<\/h3>\n\n<p>Cuando se expone al di\u00f3xido de silicio cristalino, se desarrolla silicosis. El desarrollo de la silicosis no se ha relacionado con la exposici\u00f3n a s\u00edlice en otras formas amorfas, como el vidrio. Sin embargo, la arena s\u00ed contiene s\u00edlice cristalina. La construcci\u00f3n, el chorro de arena y la miner\u00eda son solo algunas de las profesiones e industrias que exponen a los trabajadores a la s\u00edlice.   <\/p>\n\n<h3 class=\"wp-block-heading\">Consideraciones de estado de la silicosis<\/h3>\n\n<p>La exposici\u00f3n a s\u00edlice puede provocarse tres patrones de enfermedad distintos: silicosis cr\u00f3nica, silicosis subaguda\/acelerada y silicosis aguda. La silicosis cr\u00f3nica, que a menudo se manifiesta tras m\u00e1s de diez a\u00f1os de exposici\u00f3n, es el tipo m\u00e1s prevalente. <\/p>\n\n<p>Exposiciones m\u00e1s cortas e intensas causan silicosis subaguda, que normalmente se desarrolla entre dos y cinco a\u00f1os despu\u00e9s de la exposici\u00f3n inicial. Tras una exposici\u00f3n prolongada a polvo que contiene s\u00edlice fina durante varios meses, se observa con frecuencia silicosis aguda. <\/p>\n\n<p>La silicosis conglomerativa, que se desarrolla a partir de la silicosis cr\u00f3nica, provoca grandes zonas fibr\u00f3ticas acretidas en el pulm\u00f3n y provoca:<\/p>\n\n<ul class=\"wp-block-list\">\n<li>Insuficiencia respiratoria<\/li>\n\n\n\n<li>hipertensi\u00f3n pulmonar,<\/li>\n\n\n\n<li>cor pulmonal con insuficiencia card\u00edaca derecha.<\/li>\n<\/ul>\n\n<p>Adem\u00e1s, los pacientes con silicosis tienen un mayor riesgo de<\/p>\n\n<ul class=\"wp-block-list\">\n<li>Producci\u00f3n cr\u00f3nica de esputo, determinada por pruebas de funci\u00f3n pulmonar, con o sin deterioro obstructivo.<\/li>\n\n\n\n<li>La restricci\u00f3n cr\u00f3nica del flujo de aire, la hipersecreci\u00f3n de moco y\/o el enfisema patol\u00f3gico se han relacionado con la exposici\u00f3n a s\u00edlice en niveles inferiores a los relacionados con la silicosis simple.<\/li>\n\n\n\n<li>c\u00e1ncer de pulm\u00f3n,<\/li>\n\n\n\n<li>tuberculosis pulmonar,<\/li>\n\n\n\n<li>enfermedad autoinmune,<\/li>\n\n\n\n<li>Enfermedad renal.<\/li>\n<\/ul>\n\n<h3 class=\"wp-block-heading\">Latencia de la silicosis<\/h3>\n\n<p>La silicosis acelerada es una de las raras excepciones a la regla de que la silicosis se desarrolla cl\u00ednicamente a lo largo de los a\u00f1os.<\/p>\n\n<h3 class=\"wp-block-heading\">Diagn\u00f3stico de la silicosis<\/h3>\n\n<p>El diagn\u00f3stico de silicosis se realiza t\u00edpicamente cl\u00ednicamente, bas\u00e1ndose en un historial ocupacional de exposici\u00f3n suficiente con latencia adecuada, evidencia radiogr\u00e1fica objetiva (radiograf\u00eda tor\u00e1cica y\/o TC de alta resoluci\u00f3n), una evaluaci\u00f3n de la funci\u00f3n pulmonar y la consideraci\u00f3n de otros posibles diagn\u00f3sticos diferenciales.<\/p>\n\n<h2 class=\"wp-block-heading\">Qu\u00e9 puede hacer nuestra oficina si sufres lesiones por accidentes laborales<\/h2>\n\n<p>Contamos con la experiencia necesaria para ayudarte con sus lesiones de compensaci\u00f3n laboral. Entendemos por lo que est\u00e1s pasando, atenderemos tus necesidades m\u00e9dicas y seguiremos las directrices establecidas por la Junta de Compensaci\u00f3n Laboral del Estado de Nueva York. <\/p>\n\n<p>Entendemos la importancia de tus casos de compensaci\u00f3n laboral. D\u00e9janos ayudarte a navegar por el laberinto de tratar con la compa\u00f1\u00eda de seguros de compensaci\u00f3n laboral y tu empleador. <\/p>\n\n<p>Entendemos que este es un momento estresante para ti y tu familia. Si desea concertar una cita, por favor cont\u00e1ctenos para que hagamos todo lo posible para que le resulte lo m\u00e1s f\u00e1cil posible. <\/p>\n\n<p>Somos cirujanos ortop\u00e9dicos y no tratamos enfermedades tor\u00e1cicas. Te derivaremos a alguien en tu zona que s\u00ed trate s\u00edntomas respiratorios. <\/p>\n","protected":false},"excerpt":{"rendered":"<p>La junta de compensaci\u00f3n laboral del Estado de Nueva York ha desarrollado estas directrices para ayudar a m\u00e9dicos, pod\u00f3logos y otros profesionales sanitarios a proporcionar el tratamiento adecuado para la silicosis. Estas directrices de la Junta de Compensaci\u00f3n Laboral est\u00e1n destinadas a ayudar a los profesionales sanitarios a tomar decisiones sobre el nivel adecuado de [&hellip;]<\/p>\n","protected":false},"featured_media":67896,"parent":0,"menu_order":0,"template":"","meta":{"_acf_changed":false,"_seopress_robots_primary_cat":"","_seopress_titles_title":"Principios generales de directrices para la silicosis - Ortopedia completa","_seopress_titles_desc":"Principios generales de directrices para la silicosis en pacientes de compensaci\u00f3n laboral. Visita Complete Orthopedics para conocer en detalle la enfermedad pulmonar intersticial. ","_seopress_robots_index":"yes","footnotes":""},"workers-compensation-categories":[168],"class_list":["post-70990","workers-compensation","type-workers-compensation","status-publish","has-post-thumbnail","hentry","workers-compensation-categories-enfermedad-pulmonar-intersticial-ocupacional"],"acf":[],"_links":{"self":[{"href":"https:\/\/www.cortho.org\/es\/wp-json\/wp\/v2\/workers-compensation\/70990","targetHints":{"allow":["GET"]}}],"collection":[{"href":"https:\/\/www.cortho.org\/es\/wp-json\/wp\/v2\/workers-compensation"}],"about":[{"href":"https:\/\/www.cortho.org\/es\/wp-json\/wp\/v2\/types\/workers-compensation"}],"version-history":[{"count":1,"href":"https:\/\/www.cortho.org\/es\/wp-json\/wp\/v2\/workers-compensation\/70990\/revisions"}],"predecessor-version":[{"id":70991,"href":"https:\/\/www.cortho.org\/es\/wp-json\/wp\/v2\/workers-compensation\/70990\/revisions\/70991"}],"wp:featuredmedia":[{"embeddable":true,"href":"https:\/\/www.cortho.org\/es\/wp-json\/wp\/v2\/media\/67896"}],"wp:attachment":[{"href":"https:\/\/www.cortho.org\/es\/wp-json\/wp\/v2\/media?parent=70990"}],"wp:term":[{"taxonomy":"workers-compensation-categories","embeddable":true,"href":"https:\/\/www.cortho.org\/es\/wp-json\/wp\/v2\/workers-compensation-categories?post=70990"}],"curies":[{"name":"wp","href":"https:\/\/api.w.org\/{rel}","templated":true}]}}

Principios generales de directrices para la silicosis en pacientes de compensación laboral

<p>La junta de compensación laboral del Estado de Nueva York ha desarrollado estas directrices para ayudar a médicos, podólogos y otros profesionales sanitarios a proporcionar el tratamiento adecuado para la silicosis.</p>

<p>Estas directrices de la Junta de Compensación Laboral están destinadas a ayudar a los profesionales sanitarios a tomar decisiones sobre el nivel adecuado de atención para sus pacientes con trastornos de tobillo y pie.</p>

<p>Las directrices no sustituyen el juicio clínico ni la experiencia profesional. La decisión final sobre la atención debe ser tomada por el paciente en consulta con su proveedor sanitario. </p>

<h2 class="wp-block-heading">Silicosis de la enfermedad pulmonar intersticial ocupacional</h2>

<p>Una cantidad suficiente de exposición a sílice respirable provoca silicosis, una enfermedad incurable vinculada a varios problemas pulmonares y sistémicos. Los pacientes con silicosis o expuestos a sílice tienen más probabilidades de desarrollar cáncer de pulmón. En octubre de 1996, la IARC clasificó la sílice como un compuesto químico del Grupo I que es «cancerígeno para los humanos».  </p>

<p>Al menos 1,7 millones de empleados estadounidenses están expuestos a sílice cristalina respirable, lo que convierte a la silicosis en la enfermedad profesional más prevalente en el mundo.</p>

<h3 class="wp-block-heading">Agente etiológico de la silicosis</h3>

<p>Cuando se expone al dióxido de silicio cristalino, se desarrolla silicosis. El desarrollo de la silicosis no se ha relacionado con la exposición a sílice en otras formas amorfas, como el vidrio. Sin embargo, la arena sí contiene sílice cristalina. La construcción, el chorro de arena y la minería son solo algunas de las profesiones e industrias que exponen a los trabajadores a la sílice.   </p>

<h3 class="wp-block-heading">Consideraciones de estado de la silicosis</h3>

<p>La exposición a sílice puede provocarse tres patrones de enfermedad distintos: silicosis crónica, silicosis subaguda/acelerada y silicosis aguda. La silicosis crónica, que a menudo se manifiesta tras más de diez años de exposición, es el tipo más prevalente. </p>

<p>Exposiciones más cortas e intensas causan silicosis subaguda, que normalmente se desarrolla entre dos y cinco años después de la exposición inicial. Tras una exposición prolongada a polvo que contiene sílice fina durante varios meses, se observa con frecuencia silicosis aguda. </p>

<p>La silicosis conglomerativa, que se desarrolla a partir de la silicosis crónica, provoca grandes zonas fibróticas acretidas en el pulmón y provoca:</p>

<ul class="wp-block-list">
<li>Insuficiencia respiratoria</li>



<li>hipertensión pulmonar,</li>



<li>cor pulmonal con insuficiencia cardíaca derecha.</li>
</ul>

<p>Además, los pacientes con silicosis tienen un mayor riesgo de</p>

<ul class="wp-block-list">
<li>Producción crónica de esputo, determinada por pruebas de función pulmonar, con o sin deterioro obstructivo.</li>



<li>La restricción crónica del flujo de aire, la hipersecreción de moco y/o el enfisema patológico se han relacionado con la exposición a sílice en niveles inferiores a los relacionados con la silicosis simple.</li>



<li>cáncer de pulmón,</li>



<li>tuberculosis pulmonar,</li>



<li>enfermedad autoinmune,</li>



<li>Enfermedad renal.</li>
</ul>

<h3 class="wp-block-heading">Latencia de la silicosis</h3>

<p>La silicosis acelerada es una de las raras excepciones a la regla de que la silicosis se desarrolla clínicamente a lo largo de los años.</p>

<h3 class="wp-block-heading">Diagnóstico de la silicosis</h3>

<p>El diagnóstico de silicosis se realiza típicamente clínicamente, basándose en un historial ocupacional de exposición suficiente con latencia adecuada, evidencia radiográfica objetiva (radiografía torácica y/o TC de alta resolución), una evaluación de la función pulmonar y la consideración de otros posibles diagnósticos diferenciales.</p>

<h2 class="wp-block-heading">Qué puede hacer nuestra oficina si sufres lesiones por accidentes laborales</h2>

<p>Contamos con la experiencia necesaria para ayudarte con sus lesiones de compensación laboral. Entendemos por lo que estás pasando, atenderemos tus necesidades médicas y seguiremos las directrices establecidas por la Junta de Compensación Laboral del Estado de Nueva York. </p>

<p>Entendemos la importancia de tus casos de compensación laboral. Déjanos ayudarte a navegar por el laberinto de tratar con la compañía de seguros de compensación laboral y tu empleador. </p>

<p>Entendemos que este es un momento estresante para ti y tu familia. Si desea concertar una cita, por favor contáctenos para que hagamos todo lo posible para que le resulte lo más fácil posible. </p>

<p>Somos cirujanos ortopédicos y no tratamos enfermedades torácicas. Te derivaremos a alguien en tu zona que sí trate síntomas respiratorios. </p>

<p>La junta de compensación laboral del Estado de Nueva York ha desarrollado estas directrices para ayudar a médicos, podólogos y otros profesionales sanitarios a proporcionar el tratamiento adecuado para la silicosis. Estas directrices de la Junta de Compensación Laboral están destinadas a ayudar a los profesionales sanitarios a tomar decisiones sobre el nivel adecuado de [&hellip;]</p>

Principios generales de directrices para la silicosis en pacientes de compensación laboral. Visita Complete Orthopedics para conocer en detalle la enfermedad pulmonar intersticial.
