{"id":70622,"date":"2025-10-29T10:32:32","date_gmt":"2025-10-29T10:32:32","guid":{"rendered":"https:\/\/cortho.org\/workers-compensation\/pacientes-de-compensacion-laboral-por-discapacidad-a-corto-plazo-y-baja-familiar-remunerada\/"},"modified":"2026-01-05T17:11:11","modified_gmt":"2026-01-05T17:11:11","slug":"pacientes-de-compensacion-laboral-por-discapacidad-a-corto-plazo-y-baja-familiar-remunerada","status":"publish","type":"workers-compensation","link":"https:\/\/www.cortho.org\/es\/compensacion-laboral\/pacientes-de-compensacion-laboral-por-discapacidad-a-corto-plazo-y-baja-familiar-remunerada\/","title":{"rendered":"Pacientes de compensaci\u00f3n laboral por discapacidad a corto plazo y baja familiar remunerada"},"content":{"rendered":"\n<p>Utiliza la gu\u00eda r\u00e1pida si tienes curiosidad sobre si puedes usar la incapacidad temporal y la baja familiar remunerada con casos de compensaci\u00f3n laboral.<\/p>\n\n<h2 class=\"wp-block-heading\">\u00bfPuedo utilizar la incapacidad temporal con baja familiar remunerada?<\/h2>\n\n<p>S\u00ed, puedes usar tanto la incapacidad temporal como la baja familiar remunerada si eres elegible. Sin embargo, la ley establece ciertas condiciones, como que no puedes usar ambos simult\u00e1neamente. Sin embargo, puedes utilizar la incapacidad temporal y la baja familiar remunerada de forma consecutiva.  <\/p>\n\n<h2 class=\"wp-block-heading\">Baja familiar remunerada (PFL)<\/h2>\n\n<p>El programa de Baja Familiar Remunerada del Estado de Nueva York permite a los empleados protecci\u00f3n laboral y tiempo libre remunerado en situaciones concretas, incluyendo el v\u00ednculo materno-reci\u00e9n nacido, adopci\u00f3n o acogida dentro de los primeros 12 meses, proporcionando cuidado a un familiar, como c\u00f3nyuge, pareja de hecho, hijo o hijastro, o una persona con custodia legal con una condici\u00f3n m\u00e9dica grave. La p\u00f3liza tambi\u00e9n cubre a los padres\/madrastos\/madrastras, suegros, abuelos o nietos de un empleado. <\/p>\n\n<h2 class=\"wp-block-heading\">Incapacidad a corto plazo (ETS)<\/h2>\n\n<p>La incapacidad temporal es un seguro que proporciona a un empleado un porcentaje de su salario durante un periodo determinado durante una enfermedad o lesi\u00f3n que impide desempe\u00f1ar su trabajo. Sin embargo, la enfermedad o lesi\u00f3n no debe ocurrir en el trabajo para ser elegible, sino que requiere que tuvieras empleo en ese momento. Otro tipo de seguro te cubre si te lesionas en el trabajo. La baja familiar remunerada no sustituye la cobertura de las prestaciones por discapacidad.   <\/p>\n\n<p>La discapacidad abarca a los siguientes trabajadores:<\/p>\n\n<ol class=\"wp-block-list\">\n<li>Un empleado que trabaja en un puesto propiedad de un \u00abempleador cubierto\u00bb durante al menos cuatro semanas consecutivas est\u00e1 solicitando prestaciones por desempleo.<\/li>\n\n\n\n<li>Un empleado que se traslada de un empleador cubierto a otro empleador cubierto. El primer d\u00eda de empleo es el primer d\u00eda en que se considera elegible para una incapacidad temporal con trabajo continuo. <\/li>\n\n\n\n<li>Un empleado del hogar trabaja al menos 40 horas semanales para un empleador, como ni\u00f1era o asistente personal.<\/li>\n\n\n\n<li>Las personas desempleadas que opten por una cobertura opcional por parte de un empleador asegurado deben presentar reclamaciones por discapacidad en un plazo de 30 d\u00edas para el seguro de incapacidad temporal.<\/li>\n<\/ol>\n\n<p>Las madres en baja por maternidad pueden optar a pagos PFL y por discapacidad temporal, pero no utilizarse simult\u00e1neamente. Los empleados pueden elegir c\u00f3mo utilizar los beneficios para cubrir las necesidades de su familia. Por ejemplo, una madre primeriza puede ser elegible para una discapacidad temporal tras el parto con las siguientes opciones.  <\/p>\n\n<ul class=\"wp-block-list\">\n<li>Utilizaci\u00f3n de semanas de incapacidad temporal y luego PFL en cualquier momento dentro de los primeros 12 meses<\/li>\n\n\n\n<li>Utilizaci\u00f3n de la PFL sin utilizar incapacidad temporal<\/li>\n<\/ul>\n\n<p>A veces, un empleado puede necesitar usar la incapacidad temporal y la PFL dentro del mismo a\u00f1o, pero bajo circunstancias que califican diferente.<\/p>\n\n<p>El empleado debe completar solicitudes y documentaci\u00f3n separadas para que los planes utilicen la incapacidad temporal y la PFL.<\/p>\n\n<p>Consulta la p\u00e1gina web de la Junta de Compensaci\u00f3n Laboral de tu estado o habla con un abogado especializado en Compensaci\u00f3n Laboral para obtener informaci\u00f3n adicional.<\/p>\n","protected":false},"excerpt":{"rendered":"<p>Utiliza la gu\u00eda r\u00e1pida si tienes curiosidad sobre si puedes usar la incapacidad temporal y la baja familiar remunerada con casos de compensaci\u00f3n laboral. \u00bfPuedo utilizar la incapacidad temporal con baja familiar remunerada? S\u00ed, puedes usar tanto la incapacidad temporal como la baja familiar remunerada si eres elegible. Sin embargo, la ley establece ciertas condiciones, [&hellip;]<\/p>\n","protected":false},"featured_media":67896,"parent":0,"menu_order":0,"template":"","meta":{"_acf_changed":false,"_seopress_robots_primary_cat":"","_seopress_titles_title":"Compensaci\u00f3n para Trabajadores por Discapacidad a Corto Plazo - Ortopedia Completa","_seopress_titles_desc":"Pacientes de compensaci\u00f3n laboral por discapacidad temporal y baja familiar remunerada. Visita Complete Orthopedics para informarte sobre la incapacidad temporal con baja familiar remunerada. ","_seopress_robots_index":"yes","footnotes":""},"workers-compensation-categories":[],"class_list":["post-70622","workers-compensation","type-workers-compensation","status-publish","has-post-thumbnail","hentry"],"acf":[],"_links":{"self":[{"href":"https:\/\/www.cortho.org\/es\/wp-json\/wp\/v2\/workers-compensation\/70622","targetHints":{"allow":["GET"]}}],"collection":[{"href":"https:\/\/www.cortho.org\/es\/wp-json\/wp\/v2\/workers-compensation"}],"about":[{"href":"https:\/\/www.cortho.org\/es\/wp-json\/wp\/v2\/types\/workers-compensation"}],"version-history":[{"count":1,"href":"https:\/\/www.cortho.org\/es\/wp-json\/wp\/v2\/workers-compensation\/70622\/revisions"}],"predecessor-version":[{"id":70623,"href":"https:\/\/www.cortho.org\/es\/wp-json\/wp\/v2\/workers-compensation\/70622\/revisions\/70623"}],"wp:featuredmedia":[{"embeddable":true,"href":"https:\/\/www.cortho.org\/es\/wp-json\/wp\/v2\/media\/67896"}],"wp:attachment":[{"href":"https:\/\/www.cortho.org\/es\/wp-json\/wp\/v2\/media?parent=70622"}],"wp:term":[{"taxonomy":"workers-compensation-categories","embeddable":true,"href":"https:\/\/www.cortho.org\/es\/wp-json\/wp\/v2\/workers-compensation-categories?post=70622"}],"curies":[{"name":"wp","href":"https:\/\/api.w.org\/{rel}","templated":true}]}}

Pacientes de compensación laboral por discapacidad a corto plazo y baja familiar remunerada

<p>Utiliza la guía rápida si tienes curiosidad sobre si puedes usar la incapacidad temporal y la baja familiar remunerada con casos de compensación laboral.</p>

<h2 class="wp-block-heading">¿Puedo utilizar la incapacidad temporal con baja familiar remunerada?</h2>

<p>Sí, puedes usar tanto la incapacidad temporal como la baja familiar remunerada si eres elegible. Sin embargo, la ley establece ciertas condiciones, como que no puedes usar ambos simultáneamente. Sin embargo, puedes utilizar la incapacidad temporal y la baja familiar remunerada de forma consecutiva.  </p>

<h2 class="wp-block-heading">Baja familiar remunerada (PFL)</h2>

<p>El programa de Baja Familiar Remunerada del Estado de Nueva York permite a los empleados protección laboral y tiempo libre remunerado en situaciones concretas, incluyendo el vínculo materno-recién nacido, adopción o acogida dentro de los primeros 12 meses, proporcionando cuidado a un familiar, como cónyuge, pareja de hecho, hijo o hijastro, o una persona con custodia legal con una condición médica grave. La póliza también cubre a los padres/madrastos/madrastras, suegros, abuelos o nietos de un empleado. </p>

<h2 class="wp-block-heading">Incapacidad a corto plazo (ETS)</h2>

<p>La incapacidad temporal es un seguro que proporciona a un empleado un porcentaje de su salario durante un periodo determinado durante una enfermedad o lesión que impide desempeñar su trabajo. Sin embargo, la enfermedad o lesión no debe ocurrir en el trabajo para ser elegible, sino que requiere que tuvieras empleo en ese momento. Otro tipo de seguro te cubre si te lesionas en el trabajo. La baja familiar remunerada no sustituye la cobertura de las prestaciones por discapacidad.   </p>

<p>La discapacidad abarca a los siguientes trabajadores:</p>

<ol class="wp-block-list">
<li>Un empleado que trabaja en un puesto propiedad de un «empleador cubierto» durante al menos cuatro semanas consecutivas está solicitando prestaciones por desempleo.</li>



<li>Un empleado que se traslada de un empleador cubierto a otro empleador cubierto. El primer día de empleo es el primer día en que se considera elegible para una incapacidad temporal con trabajo continuo. </li>



<li>Un empleado del hogar trabaja al menos 40 horas semanales para un empleador, como niñera o asistente personal.</li>



<li>Las personas desempleadas que opten por una cobertura opcional por parte de un empleador asegurado deben presentar reclamaciones por discapacidad en un plazo de 30 días para el seguro de incapacidad temporal.</li>
</ol>

<p>Las madres en baja por maternidad pueden optar a pagos PFL y por discapacidad temporal, pero no utilizarse simultáneamente. Los empleados pueden elegir cómo utilizar los beneficios para cubrir las necesidades de su familia. Por ejemplo, una madre primeriza puede ser elegible para una discapacidad temporal tras el parto con las siguientes opciones.  </p>

<ul class="wp-block-list">
<li>Utilización de semanas de incapacidad temporal y luego PFL en cualquier momento dentro de los primeros 12 meses</li>



<li>Utilización de la PFL sin utilizar incapacidad temporal</li>
</ul>

<p>A veces, un empleado puede necesitar usar la incapacidad temporal y la PFL dentro del mismo año, pero bajo circunstancias que califican diferente.</p>

<p>El empleado debe completar solicitudes y documentación separadas para que los planes utilicen la incapacidad temporal y la PFL.</p>

<p>Consulta la página web de la Junta de Compensación Laboral de tu estado o habla con un abogado especializado en Compensación Laboral para obtener información adicional.</p>

<p>Utiliza la guía rápida si tienes curiosidad sobre si puedes usar la incapacidad temporal y la baja familiar remunerada con casos de compensación laboral. ¿Puedo utilizar la incapacidad temporal con baja familiar remunerada? Sí, puedes usar tanto la incapacidad temporal como la baja familiar remunerada si eres elegible. Sin embargo, la ley establece ciertas condiciones, [&hellip;]</p>

Compensación para Trabajadores por Discapacidad a Corto Plazo - Ortopedia Completa

Pacientes de compensación laboral por discapacidad temporal y baja familiar remunerada. Visita Complete Orthopedics para informarte sobre la incapacidad temporal con baja familiar remunerada.
