{"id":70018,"date":"2025-09-18T13:11:58","date_gmt":"2025-09-18T13:11:58","guid":{"rendered":"https:\/\/cortho.org\/case-studies\/reemplazo-total-bilateral-de-cadera-en-una-mujer-de-46-anos-con-necrosis-avascular-bilateral-nva-de-la-cadera\/"},"modified":"2026-01-03T09:50:30","modified_gmt":"2026-01-03T09:50:30","slug":"reemplazo-total-bilateral-de-cadera-en-una-mujer-de-46-anos-con-necrosis-avascular-bilateral-nva-de-la-cadera","status":"publish","type":"case-studies","link":"https:\/\/www.cortho.org\/es\/estudios-de-caso\/reemplazo-total-bilateral-de-cadera-en-una-mujer-de-46-anos-con-necrosis-avascular-bilateral-nva-de-la-cadera\/","title":{"rendered":"Reemplazo total bilateral de cadera en una mujer de 46 a\u00f1os con necrosis avascular bilateral (NVA) de la cadera"},"content":{"rendered":"\n<p>Una joven se present\u00f3 en nuestra consulta con quejas de <a href=\"https:\/\/www.cortho.org\/es\/cadera\/dolor-de-cadera\/\"> <\/a><a href=\"https:\/\/www.cortho.org\/es\/cadera\/dolor-de-cadera\/\">dolor bilateral en la ingle<\/a>. El dolor era constante y estaba asociado a rigidez. No recordaba ning\u00fan evento en particular que le causara dolor. La ten\u00eda durante los \u00faltimos tres a\u00f1os, que fue empeorando poco a poco. Era paciente conocida de lupus eritematoso sist\u00e9mico con antecedentes de consumo prolongado de esteroides.      <\/p>\n\n<p>El dolor era un latido sordo localizado en la ingle bilateral. Hab\u00eda radiaci\u00f3n del dolor en ambas rodillas internas. El dolor era de intensidad moderada a intensa. Experiment\u00f3 m\u00e1s molestias al subir y bajar las escaleras. El dolor aumentaba al agacharse, levantarse de una silla y agacharse.    <\/p>\n\n<p>Actualmente trabajaba como agente de seguridad, no trabajando. Le diagnosticaron lupus eritematoso sist\u00e9mico cuando era adolescente y tomaba esteroides de forma intermitente durante los episodios de brotes. Estaba muy angustiada por la falta de actividad secundaria al dolor.    <\/p>\n\n<p>Era fumadora ocasional y consum\u00eda alcohol moderadamente socialmente. Era al\u00e9rgica a la penicilina y a los mariscos. Actualmente estaba tomando alendronato, simvastatina y multivitam\u00ednicos. Hace seis a\u00f1os le hicieron una liberaci\u00f3n del t\u00fanel carpiano derecho.     <\/p>\n\n<p>En el examen f\u00edsico, su paso era firme y coordinado. No hubo p\u00e9rdida de los m\u00fasculos gl\u00fateos ni de los muslos. Ambos hombros, espinas il\u00edacas, r\u00f3tula y mal\u00e9olo estaban al mismo nivel. No hubo escoliosis ni ninguna exageraci\u00f3n de la lordosis lumbar.     <\/p>\n\n<p>Ambas espinas il\u00edacas anterosuperiores estaban al mismo nivel. No hubo diferencia en la longitud de las piernas. La piel que cubr\u00eda ambas ingles era normal, sin signos de cicatrices ni de sinusitos. No hubo hinchaz\u00f3n, eritema ni aumento local de la temperatura.     <\/p>\n\n<p>No hubo ensanchamiento ni engrosamiento de los troc\u00e1nteres. Hab\u00eda sensibilidad en la l\u00ednea articular anterior bilateral. El rango de movimiento de la cadera derecha estaba restringido en la rotaci\u00f3n interna.  <\/p>\n\n<p>La flexi\u00f3n estuvo presente de 0 grados a 120 grados, extensi\u00f3n de 0 a 5 grados, aducci\u00f3n de 0 a 35 grados, abducci\u00f3n de 0 a 20 grados. Los momentos de rotaci\u00f3n fueron dolorosos.   <\/p>\n\n<p>El rango de movimiento de la cadera izquierda estaba igualmente restringido en la rotaci\u00f3n interna y la abducci\u00f3n. La prueba de elevaci\u00f3n de pierna recta fue positiva bilateralmente con dolor en la ingle anterior. El examen de la columna inferior, los tobillos bilaterales y las rodillas fue normal.    <\/p>\n\n<p>No hab\u00eda d\u00e9ficit neurol\u00f3gico distal. Los pulsos perif\u00e9ricos bilaterales de las extremidades inferiores fueron palpables y comparables. El examen de potencia y sensorial de las extremidades inferiores fue normal.    <\/p>\n\n<p>Se obtuvo una radiograf\u00eda que sugiere cambios en esclerosis bilateral de la cabeza del f\u00e9mur y acet\u00e1bulo. Hubo cambios degenerativos. Se realiz\u00f3 una resonancia magn\u00e9tica de ambas caderas.  <\/p>\n<div class=\"wp-block-image\">\n<figure class=\"aligncenter\"><img decoding=\"async\" width=\"588\" height=\"427\" data-src=\"\/wp-content\/uploads\/2020\/02\/BilateralTota-HipReplacement1.jpg\" alt=\"Radiograf\u00eda preoperatoria de la pelvis con ambas caderas en vista anteroposterior que muestra el AVN de ambas caderas\" class=\"wp-image-8432 lazyload\" title=\"Radiograf\u00eda preoperatoria de la pelvis con ambas caderas en vista anteroposterior que muestra el AVN de ambas caderas\" src=\"data:image\/svg+xml;base64,PHN2ZyB3aWR0aD0iMSIgaGVpZ2h0PSIxIiB4bWxucz0iaHR0cDovL3d3dy53My5vcmcvMjAwMC9zdmciPjwvc3ZnPg==\" style=\"--smush-placeholder-width: 588px; --smush-placeholder-aspect-ratio: 588\/427;\" \/><\/figure>\n<\/div>\n<p><strong>Radiograf\u00eda preoperatoria de la pelvis con ambas caderas en vista anteroposterior que muestra <u><a href=\"https:\/\/www.cortho.org\/es\/cadera\/necrosis-avascular\/\">la AVN<\/a><\/u> de ambas caderas.<\/strong><\/p>\n<div class=\"wp-block-image\">\n<figure class=\"aligncenter\"><img decoding=\"async\" width=\"525\" height=\"406\" data-src=\"\/wp-content\/uploads\/2020\/02\/BilateralTota-HipReplacement2.jpg\" alt=\"Radiograf\u00eda preoperatoria de la pelvis con ambas caderas en la vista lateral con patas de rana mostrando la NVA de ambas caderas\" class=\"wp-image-8431 lazyload\" title=\"Radiograf\u00eda preoperatoria de la pelvis con ambas caderas en la vista lateral con patas de rana mostrando la NVA de ambas caderas\" src=\"data:image\/svg+xml;base64,PHN2ZyB3aWR0aD0iMSIgaGVpZ2h0PSIxIiB4bWxucz0iaHR0cDovL3d3dy53My5vcmcvMjAwMC9zdmciPjwvc3ZnPg==\" style=\"--smush-placeholder-width: 525px; --smush-placeholder-aspect-ratio: 525\/406;\" \/><\/figure>\n<\/div>\n<p><strong>Radiograf\u00eda preoperatoria de la pelvis con ambas caderas en la vista lateral con patas de rana mostrando la AVN de ambas caderas.<\/strong><\/p>\n<div class=\"wp-block-image\">\n<figure class=\"aligncenter\"><img decoding=\"async\" width=\"698\" height=\"588\" data-src=\"\/wp-content\/uploads\/2020\/02\/BilateralTota-HipReplacement3.jpg\" alt=\"Secci\u00f3n coronal de la resonancia magn\u00e9tica T1WI que muestra la cadera AVN\" class=\"wp-image-8430 lazyload\" title=\"Secci\u00f3n coronal de la resonancia magn\u00e9tica T1WI que muestra la cadera AVN\" src=\"data:image\/svg+xml;base64,PHN2ZyB3aWR0aD0iMSIgaGVpZ2h0PSIxIiB4bWxucz0iaHR0cDovL3d3dy53My5vcmcvMjAwMC9zdmciPjwvc3ZnPg==\" style=\"--smush-placeholder-width: 698px; --smush-placeholder-aspect-ratio: 698\/588;\" \/><\/figure>\n<\/div>\n<p class=\"has-text-align-center\"><strong>Secci\u00f3n coronal T1WI de la resonancia magn\u00e9tica que muestra AVN en cadera.<\/strong><\/p>\n<div class=\"wp-block-image\">\n<figure class=\"aligncenter\"><img decoding=\"async\" width=\"601\" height=\"576\" data-src=\"\/wp-content\/uploads\/2020\/02\/BilateralTota-HipReplacement4.jpg\" alt=\"Secci\u00f3n coronal T2WI de la resonancia magn\u00e9tica que muestra AVN de cadera\" class=\"wp-image-8429 lazyload\" title=\"Secci\u00f3n coronal T2WI de la resonancia magn\u00e9tica que muestra AVN de cadera\" src=\"data:image\/svg+xml;base64,PHN2ZyB3aWR0aD0iMSIgaGVpZ2h0PSIxIiB4bWxucz0iaHR0cDovL3d3dy53My5vcmcvMjAwMC9zdmciPjwvc3ZnPg==\" style=\"--smush-placeholder-width: 601px; --smush-placeholder-aspect-ratio: 601\/576;\" \/><\/figure>\n<\/div>\n<p class=\"has-text-align-center\"><strong>Secci\u00f3n coronal T2WI de la resonancia magn\u00e9tica que muestra AVN de cadera.<\/strong><\/p>\n<div class=\"wp-block-image\">\n<figure class=\"aligncenter\"><img decoding=\"async\" width=\"611\" height=\"444\" data-src=\"\/wp-content\/uploads\/2020\/02\/BilateralTota-HipReplacement5.jpg\" alt=\"Secciones axiales del T1WI de la resonancia magn\u00e9tica\" class=\"wp-image-8428 lazyload\" title=\"Secciones axiales del T1WI de la resonancia magn\u00e9tica\" src=\"data:image\/svg+xml;base64,PHN2ZyB3aWR0aD0iMSIgaGVpZ2h0PSIxIiB4bWxucz0iaHR0cDovL3d3dy53My5vcmcvMjAwMC9zdmciPjwvc3ZnPg==\" style=\"--smush-placeholder-width: 611px; --smush-placeholder-aspect-ratio: 611\/444;\" \/><\/figure>\n<\/div><div class=\"wp-block-image\">\n<figure class=\"aligncenter\"><img decoding=\"async\" width=\"620\" height=\"453\" data-src=\"\/wp-content\/uploads\/2020\/02\/BilateralTota-HipReplacement6.jpg\" alt=\"Secciones axiales del T2WI de la resonancia magn\u00e9tica\" class=\"wp-image-8427 lazyload\" title=\"Secciones axiales del T2WI de la resonancia magn\u00e9tica\" src=\"data:image\/svg+xml;base64,PHN2ZyB3aWR0aD0iMSIgaGVpZ2h0PSIxIiB4bWxucz0iaHR0cDovL3d3dy53My5vcmcvMjAwMC9zdmciPjwvc3ZnPg==\" style=\"--smush-placeholder-width: 620px; --smush-placeholder-aspect-ratio: 620\/453;\" \/><\/figure>\n<\/div>\n<p class=\"has-text-align-center\"><strong>Secciones axiales de la T2WI y T1WI de la MRI.<\/strong><\/p>\n\n<p>Hab\u00eda zonas hipointensas tanto en T1WI como T2WI en ambas cabezas del f\u00e9mur, sugestivas de esclerosis. Hab\u00eda edema de m\u00e9dula \u00f3sea circundante y la zona necr\u00f3tica bilateral era aproximadamente del 70%.   <\/p>\n\n<p>Tras una cuidadosa consideraci\u00f3n de sus condiciones m\u00e9dicas, se le recomend\u00f3 un <a href=\"https:\/\/www.cortho.org\/es\/cadera\/cirugia-de-reemplazo-total-de-cadera\/\">reemplazo bilateral total de cadera<\/a> para la NVA. Se discutieron extensamente con la paciente los riesgos, beneficios y alternativas. Ella estuvo de acuerdo con el plan.    <\/p>\n\n<p>Se someti\u00f3 a una pr\u00f3tesis total bilateral de cadera. Sus constantes se mantuvieron <a href=\"https:\/\/www.cortho.org\/es\/cadera\/guia-de-recuperacion-de-reemplazo-total-de-cadera\/\">estables tras la operaci\u00f3n<\/a>. No ten\u00eda d\u00e9ficit neurol\u00f3gico distal. Se administraron medicaci\u00f3n para el dolor para controlar el dolor postoperatorio. Aspirina 325mg de BID se recet\u00f3 para la profilaxis de trombosis venosa profunda.      <\/p>\n\n<p>Las suturas se retiraron sin incidentes. La herida estaba seca, limpia e intacta. Cumpli\u00f3 con las precauciones de cadera y la fisioterapia. En sus visitas posteriores de seguimiento, ten\u00eda todo el rango de movimiento. Pudo orientarse sin el apoyo y no dijo que no ten\u00eda dolor.      <\/p>\n\n<p>Estaba a punto de volver a su rutina r\u00e1pidamente y volvi\u00f3 a su trabajo en cuatro meses. Estaba muy contenta con el alivio que le proporcion\u00f3 la cirug\u00eda. Ella hace un seguimiento cuando es necesario.    <\/p>\n\n<p><em>Aviso legal \u2013 El nombre, edad, sexo, fechas y eventos del paciente han sido modificados o modificados para proteger su privacidad.<\/em><\/p>\n","protected":false},"excerpt":{"rendered":"<p>Una joven se present\u00f3 en nuestra consulta con quejas de dolor bilateral en la ingle. El dolor era constante y estaba asociado a rigidez. No recordaba ning\u00fan evento en particular que le causara dolor. La ten\u00eda durante los \u00faltimos tres a\u00f1os, que fue empeorando poco a poco. Era paciente conocida de lupus eritematoso sist\u00e9mico con [&hellip;]<\/p>\n","protected":false},"featured_media":0,"parent":0,"menu_order":0,"template":"","meta":{"_acf_changed":false,"_seopress_robots_primary_cat":"","_seopress_titles_title":"Estudio de caso: Reemplazo total bilateral de cadera con necrosis","_seopress_titles_desc":"Otro estudio de caso sobre reemplazo total bilateral de cadera con necrosis avascular bilateral (AVN) de Complete Orthopedics, con m\u00faltiples ubicaciones en Nueva York.","_seopress_robots_index":""},"case-study-categories":[173],"case-study-tags":[],"class_list":["post-70018","case-studies","type-case-studies","status-publish","hentry","case-study-categories-cadera"],"acf":[],"_links":{"self":[{"href":"https:\/\/www.cortho.org\/es\/wp-json\/wp\/v2\/case-studies\/70018","targetHints":{"allow":["GET"]}}],"collection":[{"href":"https:\/\/www.cortho.org\/es\/wp-json\/wp\/v2\/case-studies"}],"about":[{"href":"https:\/\/www.cortho.org\/es\/wp-json\/wp\/v2\/types\/case-studies"}],"wp:attachment":[{"href":"https:\/\/www.cortho.org\/es\/wp-json\/wp\/v2\/media?parent=70018"}],"wp:term":[{"taxonomy":"case-study-categories","embeddable":true,"href":"https:\/\/www.cortho.org\/es\/wp-json\/wp\/v2\/case-study-categories?post=70018"},{"taxonomy":"case-study-tags","embeddable":true,"href":"https:\/\/www.cortho.org\/es\/wp-json\/wp\/v2\/case-study-tags?post=70018"}],"curies":[{"name":"wp","href":"https:\/\/api.w.org\/{rel}","templated":true}]}}

Reemplazo total bilateral de cadera en una mujer de 46 años con necrosis avascular bilateral (NVA) de la cadera

<p>Una joven se presentó en nuestra consulta con quejas de <a href="https://www.cortho.org/es/cadera/dolor-de-cadera/"> </a><a href="https://www.cortho.org/es/cadera/dolor-de-cadera/">dolor bilateral en la ingle</a>. El dolor era constante y estaba asociado a rigidez. No recordaba ningún evento en particular que le causara dolor. La tenía durante los últimos tres años, que fue empeorando poco a poco. Era paciente conocida de lupus eritematoso sistémico con antecedentes de consumo prolongado de esteroides.      </p>

<p>El dolor era un latido sordo localizado en la ingle bilateral. Había radiación del dolor en ambas rodillas internas. El dolor era de intensidad moderada a intensa. Experimentó más molestias al subir y bajar las escaleras. El dolor aumentaba al agacharse, levantarse de una silla y agacharse.    </p>

<p>Actualmente trabajaba como agente de seguridad, no trabajando. Le diagnosticaron lupus eritematoso sistémico cuando era adolescente y tomaba esteroides de forma intermitente durante los episodios de brotes. Estaba muy angustiada por la falta de actividad secundaria al dolor.    </p>

<p>Era fumadora ocasional y consumía alcohol moderadamente socialmente. Era alérgica a la penicilina y a los mariscos. Actualmente estaba tomando alendronato, simvastatina y multivitamínicos. Hace seis años le hicieron una liberación del túnel carpiano derecho.     </p>

<p>En el examen físico, su paso era firme y coordinado. No hubo pérdida de los músculos glúteos ni de los muslos. Ambos hombros, espinas ilíacas, rótula y maléolo estaban al mismo nivel. No hubo escoliosis ni ninguna exageración de la lordosis lumbar.     </p>

<p>Ambas espinas ilíacas anterosuperiores estaban al mismo nivel. No hubo diferencia en la longitud de las piernas. La piel que cubría ambas ingles era normal, sin signos de cicatrices ni de sinusitos. No hubo hinchazón, eritema ni aumento local de la temperatura.     </p>

<p>No hubo ensanchamiento ni engrosamiento de los trocánteres. Había sensibilidad en la línea articular anterior bilateral. El rango de movimiento de la cadera derecha estaba restringido en la rotación interna.  </p>

<p>La flexión estuvo presente de 0 grados a 120 grados, extensión de 0 a 5 grados, aducción de 0 a 35 grados, abducción de 0 a 20 grados. Los momentos de rotación fueron dolorosos.   </p>

<p>El rango de movimiento de la cadera izquierda estaba igualmente restringido en la rotación interna y la abducción. La prueba de elevación de pierna recta fue positiva bilateralmente con dolor en la ingle anterior. El examen de la columna inferior, los tobillos bilaterales y las rodillas fue normal.    </p>

<p>No había déficit neurológico distal. Los pulsos periféricos bilaterales de las extremidades inferiores fueron palpables y comparables. El examen de potencia y sensorial de las extremidades inferiores fue normal.    </p>

<p>Se obtuvo una radiografía que sugiere cambios en esclerosis bilateral de la cabeza del fémur y acetábulo. Hubo cambios degenerativos. Se realizó una resonancia magnética de ambas caderas.  </p>
<div class="wp-block-image">
<figure class="aligncenter"><img decoding="async" width="588" height="427" data-src="/wp-content/uploads/2020/02/BilateralTota-HipReplacement1.jpg" alt="Radiografía preoperatoria de la pelvis con ambas caderas en vista anteroposterior que muestra el AVN de ambas caderas" class="wp-image-8432 lazyload" title="Radiografía preoperatoria de la pelvis con ambas caderas en vista anteroposterior que muestra el AVN de ambas caderas" src="data:image/svg+xml;base64,PHN2ZyB3aWR0aD0iMSIgaGVpZ2h0PSIxIiB4bWxucz0iaHR0cDovL3d3dy53My5vcmcvMjAwMC9zdmciPjwvc3ZnPg==" style="--smush-placeholder-width: 588px; --smush-placeholder-aspect-ratio: 588/427;" /></figure>
</div>
<p><strong>Radiografía preoperatoria de la pelvis con ambas caderas en vista anteroposterior que muestra <u><a href="https://www.cortho.org/es/cadera/necrosis-avascular/">la AVN</a></u> de ambas caderas.</strong></p>
<div class="wp-block-image">
<figure class="aligncenter"><img decoding="async" width="525" height="406" data-src="/wp-content/uploads/2020/02/BilateralTota-HipReplacement2.jpg" alt="Radiografía preoperatoria de la pelvis con ambas caderas en la vista lateral con patas de rana mostrando la NVA de ambas caderas" class="wp-image-8431 lazyload" title="Radiografía preoperatoria de la pelvis con ambas caderas en la vista lateral con patas de rana mostrando la NVA de ambas caderas" src="data:image/svg+xml;base64,PHN2ZyB3aWR0aD0iMSIgaGVpZ2h0PSIxIiB4bWxucz0iaHR0cDovL3d3dy53My5vcmcvMjAwMC9zdmciPjwvc3ZnPg==" style="--smush-placeholder-width: 525px; --smush-placeholder-aspect-ratio: 525/406;" /></figure>
</div>
<p><strong>Radiografía preoperatoria de la pelvis con ambas caderas en la vista lateral con patas de rana mostrando la AVN de ambas caderas.</strong></p>
<div class="wp-block-image">
<figure class="aligncenter"><img decoding="async" width="698" height="588" data-src="/wp-content/uploads/2020/02/BilateralTota-HipReplacement3.jpg" alt="Sección coronal de la resonancia magnética T1WI que muestra la cadera AVN" class="wp-image-8430 lazyload" title="Sección coronal de la resonancia magnética T1WI que muestra la cadera AVN" src="data:image/svg+xml;base64,PHN2ZyB3aWR0aD0iMSIgaGVpZ2h0PSIxIiB4bWxucz0iaHR0cDovL3d3dy53My5vcmcvMjAwMC9zdmciPjwvc3ZnPg==" style="--smush-placeholder-width: 698px; --smush-placeholder-aspect-ratio: 698/588;" /></figure>
</div>
<p class="has-text-align-center"><strong>Sección coronal T1WI de la resonancia magnética que muestra AVN en cadera.</strong></p>
<div class="wp-block-image">
<figure class="aligncenter"><img decoding="async" width="601" height="576" data-src="/wp-content/uploads/2020/02/BilateralTota-HipReplacement4.jpg" alt="Sección coronal T2WI de la resonancia magnética que muestra AVN de cadera" class="wp-image-8429 lazyload" title="Sección coronal T2WI de la resonancia magnética que muestra AVN de cadera" src="data:image/svg+xml;base64,PHN2ZyB3aWR0aD0iMSIgaGVpZ2h0PSIxIiB4bWxucz0iaHR0cDovL3d3dy53My5vcmcvMjAwMC9zdmciPjwvc3ZnPg==" style="--smush-placeholder-width: 601px; --smush-placeholder-aspect-ratio: 601/576;" /></figure>
</div>
<p class="has-text-align-center"><strong>Sección coronal T2WI de la resonancia magnética que muestra AVN de cadera.</strong></p>
<div class="wp-block-image">
<figure class="aligncenter"><img decoding="async" width="611" height="444" data-src="/wp-content/uploads/2020/02/BilateralTota-HipReplacement5.jpg" alt="Secciones axiales del T1WI de la resonancia magnética" class="wp-image-8428 lazyload" title="Secciones axiales del T1WI de la resonancia magnética" src="data:image/svg+xml;base64,PHN2ZyB3aWR0aD0iMSIgaGVpZ2h0PSIxIiB4bWxucz0iaHR0cDovL3d3dy53My5vcmcvMjAwMC9zdmciPjwvc3ZnPg==" style="--smush-placeholder-width: 611px; --smush-placeholder-aspect-ratio: 611/444;" /></figure>
</div><div class="wp-block-image">
<figure class="aligncenter"><img decoding="async" width="620" height="453" data-src="/wp-content/uploads/2020/02/BilateralTota-HipReplacement6.jpg" alt="Secciones axiales del T2WI de la resonancia magnética" class="wp-image-8427 lazyload" title="Secciones axiales del T2WI de la resonancia magnética" src="data:image/svg+xml;base64,PHN2ZyB3aWR0aD0iMSIgaGVpZ2h0PSIxIiB4bWxucz0iaHR0cDovL3d3dy53My5vcmcvMjAwMC9zdmciPjwvc3ZnPg==" style="--smush-placeholder-width: 620px; --smush-placeholder-aspect-ratio: 620/453;" /></figure>
</div>
<p class="has-text-align-center"><strong>Secciones axiales de la T2WI y T1WI de la MRI.</strong></p>

<p>Había zonas hipointensas tanto en T1WI como T2WI en ambas cabezas del fémur, sugestivas de esclerosis. Había edema de médula ósea circundante y la zona necrótica bilateral era aproximadamente del 70%.   </p>

<p>Tras una cuidadosa consideración de sus condiciones médicas, se le recomendó un <a href="https://www.cortho.org/es/cadera/cirugia-de-reemplazo-total-de-cadera/">reemplazo bilateral total de cadera</a> para la NVA. Se discutieron extensamente con la paciente los riesgos, beneficios y alternativas. Ella estuvo de acuerdo con el plan.    </p>

<p>Se sometió a una prótesis total bilateral de cadera. Sus constantes se mantuvieron <a href="https://www.cortho.org/es/cadera/guia-de-recuperacion-de-reemplazo-total-de-cadera/">estables tras la operación</a>. No tenía déficit neurológico distal. Se administraron medicación para el dolor para controlar el dolor postoperatorio. Aspirina 325mg de BID se recetó para la profilaxis de trombosis venosa profunda.      </p>

<p>Las suturas se retiraron sin incidentes. La herida estaba seca, limpia e intacta. Cumplió con las precauciones de cadera y la fisioterapia. En sus visitas posteriores de seguimiento, tenía todo el rango de movimiento. Pudo orientarse sin el apoyo y no dijo que no tenía dolor.      </p>

<p>Estaba a punto de volver a su rutina rápidamente y volvió a su trabajo en cuatro meses. Estaba muy contenta con el alivio que le proporcionó la cirugía. Ella hace un seguimiento cuando es necesario.    </p>

<p><em>Aviso legal – El nombre, edad, sexo, fechas y eventos del paciente han sido modificados o modificados para proteger su privacidad.</em></p>

<p>Una joven se presentó en nuestra consulta con quejas de dolor bilateral en la ingle. El dolor era constante y estaba asociado a rigidez. No recordaba ningún evento en particular que le causara dolor. La tenía durante los últimos tres años, que fue empeorando poco a poco. Era paciente conocida de lupus eritematoso sistémico con [&hellip;]</p>

Otro estudio de caso sobre reemplazo total bilateral de cadera con necrosis avascular bilateral (AVN) de Complete Orthopedics, con múltiples ubicaciones en Nueva York.
