{"id":69329,"date":"2025-09-19T04:05:47","date_gmt":"2025-09-19T04:05:47","guid":{"rendered":"https:\/\/cortho.org\/case-studies\/reemplazo-total-de-cadera-izquierda-en-una-mujer-de-54-anos-con-artritis-de-cadera\/"},"modified":"2026-01-02T15:48:18","modified_gmt":"2026-01-02T15:48:18","slug":"reemplazo-total-de-cadera-izquierda-en-una-mujer-de-54-anos-con-artritis-de-cadera","status":"publish","type":"case-studies","link":"https:\/\/www.cortho.org\/es\/estudios-de-caso\/reemplazo-total-de-cadera-izquierda-en-una-mujer-de-54-anos-con-artritis-de-cadera\/","title":{"rendered":"Reemplazo total de cadera izquierda en una mujer de 54 a\u00f1os con artritis de cadera"},"content":{"rendered":"\n<p>Una mujer de 54 a\u00f1os fue derivada a nuestra consulta por su m\u00e9dico de cabecera con molestias de dolor bilateral en <a href=\"http:\/\/hip\/pain-after-hip-replacement\/\">la cadera<\/a> (m\u00e1s en la izquierda que en la derecha) y dificultad para caminar. La paciente afirm\u00f3 que sufri\u00f3 una lesi\u00f3n laboral en la cadera izquierda hace 2 a\u00f1os. Siente que el dolor ha avanzado y ha afectado su cadera derecha.  <\/p>\n\n<p>El paciente trabaja como conductor de UPS pero actualmente no trabaja. Su trabajo requer\u00eda que saltara dentro y fuera del cami\u00f3n, caminara a gran velocidad, se agachara y levantara pesos pesados. Ella afirma que no ha podido continuar con sus tareas laborales durante los \u00faltimos 4 meses debido al dolor. Le resultaba cada vez m\u00e1s dif\u00edcil realizar sus actividades diarias en casa. Usaba un bast\u00f3n como ayuda para caminar.    <\/p>\n\n<p>El paciente describi\u00f3 el inicio del dolor como insidioso situado anteriormente en la ingle izquierda. La intensidad del dolor se describi\u00f3 como moderada (5\/10), que era un dolor sordo de car\u00e1cter. Actividades como caminar r\u00e1pido o subir escaleras agravaban el dolor. Tambi\u00e9n se quejaba de rigidez en la cadera izquierda tras estar sentada durante largos periodos de tiempo. Neg\u00f3 cualquier radiaci\u00f3n del dolor.    <\/p>\n\n<p>El paciente afirm\u00f3 que la frecuencia del dolor de cadera aumentaba, lo que provocaba alteraciones en el sue\u00f1o. Estaba estresada por el hecho de que no pod\u00eda realizar sus actividades diarias y no pod\u00eda volver al trabajo. Hab\u00eda probado el manejo conservador en forma de fisioterapia, almohadillas t\u00e9rmicas, uso de bast\u00f3n e inyecciones en la cadera, pero sin ning\u00fan alivio significativo.  <\/p>\n\n<p>El paciente no fumaba, no beb\u00eda y no ten\u00eda antecedentes m\u00e9dicos significativos. Sus medicamentos actuales inclu\u00edan vitaminas y suplementos de venta libre. Neg\u00f3 cualquier historial de ingesta de esteroides, dolor articular m\u00faltiple, dolor lumbar y rigidez en el cuello, epilepsia o traumatismos significativos. En su madre el historial familiar dio positivo para osteoartritis de la rodilla bilateral. No ten\u00eda alergias a drogas conocidas.    <\/p>\n\n<p>En su visita a la consulta, estuvo tranquila, consciente, cooperativa y bien orientada hacia el tiempo, el lugar y la persona. Era deambulante con una marcha b\u00edpeda, estable, coordinada y ant\u00e1lgica (fase de postura disminuida en el lado izquierdo). <\/p>\n\n<p>En su examen f\u00edsico, no hubo discrepancia en la longitud de las piernas. Ambas espinas il\u00edacas anterosuperiores estaban al mismo nivel, sin lordosis lumbar exagerada. No hab\u00eda cicatriz, senos nasales ni hinchaz\u00f3n en el tri\u00e1ngulo de Scarpa. No hubo linfadenopat\u00eda ni masa o induraci\u00f3n.   <\/p>\n\n<p>El volumen muscular era normal y la fuerza estaba completa en las extremidades inferiores bilaterales. No hubo engrosamiento ni ensanchamiento de los troc\u00e1nteres bilaterales. El rango de movimiento de la cadera izquierda estaba lleno, con dolorosa rotaci\u00f3n interna y externa. La cadera derecha y la rodilla y tobillos bilaterales estaban normales. No hubo d\u00e9ficit neurol\u00f3gico distal y ambas extremidades presentaban palpables 2+ dorsalis pedis y arteria tibial posterior.    <\/p>\n\n<p>Sus estudios de imagen revelaron cambios de artritis en ambas caderas. Teniendo en cuenta que su dolor de cadera limita el estilo de vida, se le aconsej\u00f3 someterse a un <a href=\"https:\/\/www.cortho.org\/es\/cadera\/\" target=\"_blank\" rel=\"noreferrer noopener\">reemplazo total bilateral de cadera<\/a>. Tambi\u00e9n se discutieron extensamente con ella y con su marido los riesgos, beneficios y alternativas. Ella acept\u00f3 seguir adelante con la pr\u00f3tesis de cadera izquierda.   <\/p>\n\n<div class=\"wp-block-group image-row is-content-justification-center is-nowrap is-layout-flex wp-container-core-group-is-layout-94bc23d7 wp-block-group-is-layout-flex\">\n<figure class=\"wp-block-image size-full\"><img decoding=\"async\" data-src=\"\/wp-content\/uploads\/2020\/01\/lefthip1.jpg\" alt=\"Radiograf\u00eda preoperatoria de la vista AP de la pelvis y la vista lateral de la cadera izquierda\" class=\"wp-image-52498 lazyload\" src=\"data:image\/svg+xml;base64,PHN2ZyB3aWR0aD0iMSIgaGVpZ2h0PSIxIiB4bWxucz0iaHR0cDovL3d3dy53My5vcmcvMjAwMC9zdmciPjwvc3ZnPg==\" style=\"--smush-placeholder-width: 1999px; --smush-placeholder-aspect-ratio: 1999\/1670;\" \/><\/figure>\n\n\n\n<figure class=\"wp-block-image size-full\"><img decoding=\"async\" data-src=\"\/wp-content\/uploads\/2020\/01\/lefthip2.jpg\" alt=\"Radiograf\u00eda preoperatoria de la pelvis con vista AP y vista lateral de la cadera izquierda - img 2\" class=\"wp-image-52499 lazyload\" src=\"data:image\/svg+xml;base64,PHN2ZyB3aWR0aD0iMSIgaGVpZ2h0PSIxIiB4bWxucz0iaHR0cDovL3d3dy53My5vcmcvMjAwMC9zdmciPjwvc3ZnPg==\" style=\"--smush-placeholder-width: 1273px; --smush-placeholder-aspect-ratio: 1273\/1999;\" \/><\/figure>\n<\/div>\n\n<p class=\"has-text-align-center\"><strong>Radiograf\u00eda preoperatoria de la vista de la pelvis y la vista lateral de la cadera izquierda.<\/strong><\/p>\n\n<p><strong>Funcionamiento:<\/strong> Artroplastia total de cadera izquierda mediante un abordaje posterolateral.<\/p>\n\n<p><strong>Implante utilizado:<\/strong> Carcasa hemisf\u00e9rica de titanio de 60 mm con tornillo de 6,5 mm de di\u00e1metro, 35 mm de longitud y cabeza femoral cer\u00e1mica de 36 mm, polietileno de 0 grados con \u00e1ngulo de cuello de 127 grados y talla de cadera tama\u00f1o 5.<\/p>\n\n<p><strong>Descripci\u00f3n del procedimiento:<\/strong> El paciente fue llevado al quir\u00f3fano tras obtener el consentimiento informado y firmar el lugar quir\u00fargico correcto. Los riesgos, beneficios y alternativas se discutieron extensamente con el paciente antes del procedimiento. El paciente fue llevado al quir\u00f3fano y el anestesista le obtuvo la anestesia.  <\/p>\n\n<p>El paciente fue colocado definitivamente con la cadera izquierda hacia arriba y luego la cadera izquierda fue colocada y preparada de forma est\u00e9ril habitual. La incisi\u00f3n recta centrada sobre el troc\u00e1nter mayor se utiliz\u00f3 para la artrotom\u00eda. <\/p>\n\n<p>Luego se incisionaron la piel y los tejidos subcut\u00e1neos. La fascia se dividi\u00f3 entonces. Las im\u00e1genes del brazo rob\u00f3tico se utilizaron para la planificaci\u00f3n de la cirug\u00eda.  <\/p>\n\n<p>El acet\u00e1bulo qued\u00f3 entonces expuesto. El resto del labrum fue entonces desbridado. El acet\u00e1bulo se escariaba y la concha final se colocaba en su posici\u00f3n en la correcta abducci\u00f3n y anteversi\u00f3n.  <\/p>\n\n<p>La carcasa se colocaba sobre la copa tras colocar el tornillo. Entonces la atenci\u00f3n se centr\u00f3 en el f\u00e9mur. El resto del tejido en la superficie inferior del troc\u00e1nter mayor fue entonces extra\u00eddo. El f\u00e9mur se romp\u00eda secuencialmente y el broche final se dejaba en su posici\u00f3n.   <\/p>\n\n<p>El mu\u00f1\u00f3n se colocaba entonces sobre la concha y la cabeza se colocaba sobre el mu\u00f1\u00f3n. El plan previo a la rob\u00f3tica se utiliz\u00f3 para la evaluaci\u00f3n de la altura. La distancia menor del troc\u00e1nter al centro tambi\u00e9n se midi\u00f3 preoperatoriamente antes de realizar la resecci\u00f3n del cuello y se compar\u00f3 tras la colocaci\u00f3n del componente del ensayo. Luego se redujo la cadera y se prob\u00f3 en todo el rango de movimiento, y la cadera qued\u00f3 estable en todos los rangos fisiol\u00f3gicos.   <\/p>\n\n<p>La cadera estaba dislocada. A continuaci\u00f3n, se retiraron los componentes de la prueba. Los componentes finales se colocaron entonces en su posici\u00f3n. La cadera se volvi\u00f3 a reducir. Se le dio un lavado exhaustivo. Las estructuras posteriores de tejidos blandos se fijaron entonces al troc\u00e1nter mayor a trav\u00e9s de t\u00faneles trans\u00f3seos. Se administr\u00f3 un lavado exhaustivo.      <\/p>\n\n<p>La fascia estaba cerrada, los tejidos cut\u00e1neos cerrados, los tejidos subcut\u00e1neos cerrados. La piel se cerraba con grapas. A continuaci\u00f3n, se aplic\u00f3 un ap\u00f3sito est\u00e9ril sobre la herida y el paciente fue trasladado a la unidad de cuidados postoperatorios en estado estable.  <\/p>\n\n<div class=\"wp-block-columns is-layout-flex wp-container-core-columns-is-layout-9d6595d7 wp-block-columns-is-layout-flex\">\n<div class=\"wp-block-column is-vertically-aligned-bottom is-layout-flow wp-block-column-is-layout-flow\"><div class=\"wp-block-image\">\n<figure class=\"alignright size-full\"><img decoding=\"async\" data-src=\"\/wp-content\/uploads\/2020\/01\/lefthip3.jpg\" alt=\"Im\u00e1genes de rayos X postoperatorias que muestran la vista AP y la vista lateral con patas de rana\" class=\"wp-image-52500 lazyload\" src=\"data:image\/svg+xml;base64,PHN2ZyB3aWR0aD0iMSIgaGVpZ2h0PSIxIiB4bWxucz0iaHR0cDovL3d3dy53My5vcmcvMjAwMC9zdmciPjwvc3ZnPg==\" style=\"--smush-placeholder-width: 1426px; --smush-placeholder-aspect-ratio: 1426\/1999;\" \/><\/figure>\n<\/div><\/div>\n\n\n\n<div class=\"wp-block-column is-vertically-aligned-bottom is-layout-flow wp-block-column-is-layout-flow\">\n<figure class=\"wp-block-image size-full\"><img decoding=\"async\" data-src=\"\/wp-content\/uploads\/2020\/01\/lefthip4.jpg\" alt=\"Im\u00e1genes de radiograf\u00edas postoperatorias que muestran la vista AP y la vista lateral con patas de rana - IMG 2\" class=\"wp-image-52501 lazyload\" src=\"data:image\/svg+xml;base64,PHN2ZyB3aWR0aD0iMSIgaGVpZ2h0PSIxIiB4bWxucz0iaHR0cDovL3d3dy53My5vcmcvMjAwMC9zdmciPjwvc3ZnPg==\" style=\"--smush-placeholder-width: 1660px; --smush-placeholder-aspect-ratio: 1660\/1839;\" \/><\/figure>\n<\/div>\n<\/div>\n\n<p class=\"has-text-align-center\"><strong>Im\u00e1genes de radiograf\u00edas postoperatorias que muestran la vista AP y la vista lateral con patas de rana.<\/strong><\/p>\n\n<p>La paciente tuvo una <a href=\"https:\/\/www.cortho.org\/es\/cadera\/guia-de-recuperacion-de-reemplazo-total-de-cadera\/\">recuperaci\u00f3n poco destacada tras la operaci\u00f3n<\/a>. Le retiraron las grapas de la incisi\u00f3n quir\u00fargica de la cadera izquierda. La incisi\u00f3n estaba intacta y no presentaba signos ni s\u00edntomas de infecci\u00f3n. Se inform\u00f3 al paciente sobre las precauciones de cadera para evitar la luxaci\u00f3n. Le recomendaron fisioterapia.    <\/p>\n\n<p>La fisioterapia se dirigi\u00f3 al entrenamiento de la marcha, la seguridad en el hogar y la prevenci\u00f3n de ca\u00eddas, y el fortalecimiento muscular. Le aconsejaron que caminara como se tolerara. Le recetaron aspirina 325 mg de difusi\u00f3n intravenosa para profilaxis de trombosis venosa profunda.  <\/p>\n\n<p>Despu\u00e9s de 3 meses, caminaba sin dolor. Le aconsejaron dejar la aspirina y continuar con el programa de ejercicios en casa con una reducci\u00f3n gradual de las precauciones de cadera. Volvi\u00f3 felizmente a conducir su coche y realizar sus actividades diarias, y volvi\u00f3 a trabajar con tareas ligeras. Estaba contenta de estar usando el bast\u00f3n y coment\u00f3 que su forma de andar ha mejorado significativamente. Seg\u00fan se informa, experiment\u00f3 menos dolor en la cadera derecha. Ella hace un seguimiento cuando es necesario.     <\/p>\n","protected":false},"excerpt":{"rendered":"<p>Una mujer de 54 a\u00f1os fue derivada a nuestra consulta por su m\u00e9dico de cabecera con molestias de dolor bilateral en la cadera (m\u00e1s en la izquierda que en la derecha) y dificultad para caminar. La paciente afirm\u00f3 que sufri\u00f3 una lesi\u00f3n laboral en la cadera izquierda hace 2 a\u00f1os. Siente que el dolor ha [&hellip;]<\/p>\n","protected":false},"featured_media":0,"parent":0,"menu_order":0,"template":"","meta":{"_acf_changed":false,"_seopress_robots_primary_cat":"","_seopress_titles_title":"Estudio de caso: Pr\u00f3tesis total de cadera izquierda en mujer de 54 a\u00f1os","_seopress_titles_desc":"Este estudio de caso trata sobre el reemplazo total de cadera izquierda en una mujer de 54 a\u00f1os con artritis de cadera de Complete Orthopedics, con m\u00faltiples ubicaciones en Nueva York.","_seopress_robots_index":""},"case-study-categories":[173],"case-study-tags":[],"class_list":["post-69329","case-studies","type-case-studies","status-publish","hentry","case-study-categories-cadera"],"acf":[],"_links":{"self":[{"href":"https:\/\/www.cortho.org\/es\/wp-json\/wp\/v2\/case-studies\/69329","targetHints":{"allow":["GET"]}}],"collection":[{"href":"https:\/\/www.cortho.org\/es\/wp-json\/wp\/v2\/case-studies"}],"about":[{"href":"https:\/\/www.cortho.org\/es\/wp-json\/wp\/v2\/types\/case-studies"}],"wp:attachment":[{"href":"https:\/\/www.cortho.org\/es\/wp-json\/wp\/v2\/media?parent=69329"}],"wp:term":[{"taxonomy":"case-study-categories","embeddable":true,"href":"https:\/\/www.cortho.org\/es\/wp-json\/wp\/v2\/case-study-categories?post=69329"},{"taxonomy":"case-study-tags","embeddable":true,"href":"https:\/\/www.cortho.org\/es\/wp-json\/wp\/v2\/case-study-tags?post=69329"}],"curies":[{"name":"wp","href":"https:\/\/api.w.org\/{rel}","templated":true}]}}

Reemplazo total de cadera izquierda en una mujer de 54 años con artritis de cadera

<p>Una mujer de 54 años fue derivada a nuestra consulta por su médico de cabecera con molestias de dolor bilateral en <a href="http://hip/pain-after-hip-replacement/">la cadera</a> (más en la izquierda que en la derecha) y dificultad para caminar. La paciente afirmó que sufrió una lesión laboral en la cadera izquierda hace 2 años. Siente que el dolor ha avanzado y ha afectado su cadera derecha.  </p>

<p>El paciente trabaja como conductor de UPS pero actualmente no trabaja. Su trabajo requería que saltara dentro y fuera del camión, caminara a gran velocidad, se agachara y levantara pesos pesados. Ella afirma que no ha podido continuar con sus tareas laborales durante los últimos 4 meses debido al dolor. Le resultaba cada vez más difícil realizar sus actividades diarias en casa. Usaba un bastón como ayuda para caminar.    </p>

<p>El paciente describió el inicio del dolor como insidioso situado anteriormente en la ingle izquierda. La intensidad del dolor se describió como moderada (5/10), que era un dolor sordo de carácter. Actividades como caminar rápido o subir escaleras agravaban el dolor. También se quejaba de rigidez en la cadera izquierda tras estar sentada durante largos periodos de tiempo. Negó cualquier radiación del dolor.    </p>

<p>El paciente afirmó que la frecuencia del dolor de cadera aumentaba, lo que provocaba alteraciones en el sueño. Estaba estresada por el hecho de que no podía realizar sus actividades diarias y no podía volver al trabajo. Había probado el manejo conservador en forma de fisioterapia, almohadillas térmicas, uso de bastón e inyecciones en la cadera, pero sin ningún alivio significativo.  </p>

<p>El paciente no fumaba, no bebía y no tenía antecedentes médicos significativos. Sus medicamentos actuales incluían vitaminas y suplementos de venta libre. Negó cualquier historial de ingesta de esteroides, dolor articular múltiple, dolor lumbar y rigidez en el cuello, epilepsia o traumatismos significativos. En su madre el historial familiar dio positivo para osteoartritis de la rodilla bilateral. No tenía alergias a drogas conocidas.    </p>

<p>En su visita a la consulta, estuvo tranquila, consciente, cooperativa y bien orientada hacia el tiempo, el lugar y la persona. Era deambulante con una marcha bípeda, estable, coordinada y antálgica (fase de postura disminuida en el lado izquierdo). </p>

<p>En su examen físico, no hubo discrepancia en la longitud de las piernas. Ambas espinas ilíacas anterosuperiores estaban al mismo nivel, sin lordosis lumbar exagerada. No había cicatriz, senos nasales ni hinchazón en el triángulo de Scarpa. No hubo linfadenopatía ni masa o induración.   </p>

<p>El volumen muscular era normal y la fuerza estaba completa en las extremidades inferiores bilaterales. No hubo engrosamiento ni ensanchamiento de los trocánteres bilaterales. El rango de movimiento de la cadera izquierda estaba lleno, con dolorosa rotación interna y externa. La cadera derecha y la rodilla y tobillos bilaterales estaban normales. No hubo déficit neurológico distal y ambas extremidades presentaban palpables 2+ dorsalis pedis y arteria tibial posterior.    </p>

<p>Sus estudios de imagen revelaron cambios de artritis en ambas caderas. Teniendo en cuenta que su dolor de cadera limita el estilo de vida, se le aconsejó someterse a un <a href="https://www.cortho.org/es/cadera/" target="_blank" rel="noreferrer noopener">reemplazo total bilateral de cadera</a>. También se discutieron extensamente con ella y con su marido los riesgos, beneficios y alternativas. Ella aceptó seguir adelante con la prótesis de cadera izquierda.   </p>

<div class="wp-block-group image-row is-content-justification-center is-nowrap is-layout-flex wp-container-core-group-is-layout-94bc23d7 wp-block-group-is-layout-flex">
<figure class="wp-block-image size-full"><img decoding="async" data-src="/wp-content/uploads/2020/01/lefthip1.jpg" alt="Radiografía preoperatoria de la vista AP de la pelvis y la vista lateral de la cadera izquierda" class="wp-image-52498 lazyload" src="data:image/svg+xml;base64,PHN2ZyB3aWR0aD0iMSIgaGVpZ2h0PSIxIiB4bWxucz0iaHR0cDovL3d3dy53My5vcmcvMjAwMC9zdmciPjwvc3ZnPg==" style="--smush-placeholder-width: 1999px; --smush-placeholder-aspect-ratio: 1999/1670;" /></figure>



<figure class="wp-block-image size-full"><img decoding="async" data-src="/wp-content/uploads/2020/01/lefthip2.jpg" alt="Radiografía preoperatoria de la pelvis con vista AP y vista lateral de la cadera izquierda - img 2" class="wp-image-52499 lazyload" src="data:image/svg+xml;base64,PHN2ZyB3aWR0aD0iMSIgaGVpZ2h0PSIxIiB4bWxucz0iaHR0cDovL3d3dy53My5vcmcvMjAwMC9zdmciPjwvc3ZnPg==" style="--smush-placeholder-width: 1273px; --smush-placeholder-aspect-ratio: 1273/1999;" /></figure>
</div>

<p class="has-text-align-center"><strong>Radiografía preoperatoria de la vista de la pelvis y la vista lateral de la cadera izquierda.</strong></p>

<p><strong>Funcionamiento:</strong> Artroplastia total de cadera izquierda mediante un abordaje posterolateral.</p>

<p><strong>Implante utilizado:</strong> Carcasa hemisférica de titanio de 60 mm con tornillo de 6,5 mm de diámetro, 35 mm de longitud y cabeza femoral cerámica de 36 mm, polietileno de 0 grados con ángulo de cuello de 127 grados y talla de cadera tamaño 5.</p>

<p><strong>Descripción del procedimiento:</strong> El paciente fue llevado al quirófano tras obtener el consentimiento informado y firmar el lugar quirúrgico correcto. Los riesgos, beneficios y alternativas se discutieron extensamente con el paciente antes del procedimiento. El paciente fue llevado al quirófano y el anestesista le obtuvo la anestesia.  </p>

<p>El paciente fue colocado definitivamente con la cadera izquierda hacia arriba y luego la cadera izquierda fue colocada y preparada de forma estéril habitual. La incisión recta centrada sobre el trocánter mayor se utilizó para la artrotomía. </p>

<p>Luego se incisionaron la piel y los tejidos subcutáneos. La fascia se dividió entonces. Las imágenes del brazo robótico se utilizaron para la planificación de la cirugía.  </p>

<p>El acetábulo quedó entonces expuesto. El resto del labrum fue entonces desbridado. El acetábulo se escariaba y la concha final se colocaba en su posición en la correcta abducción y anteversión.  </p>

<p>La carcasa se colocaba sobre la copa tras colocar el tornillo. Entonces la atención se centró en el fémur. El resto del tejido en la superficie inferior del trocánter mayor fue entonces extraído. El fémur se rompía secuencialmente y el broche final se dejaba en su posición.   </p>

<p>El muñón se colocaba entonces sobre la concha y la cabeza se colocaba sobre el muñón. El plan previo a la robótica se utilizó para la evaluación de la altura. La distancia menor del trocánter al centro también se midió preoperatoriamente antes de realizar la resección del cuello y se comparó tras la colocación del componente del ensayo. Luego se redujo la cadera y se probó en todo el rango de movimiento, y la cadera quedó estable en todos los rangos fisiológicos.   </p>

<p>La cadera estaba dislocada. A continuación, se retiraron los componentes de la prueba. Los componentes finales se colocaron entonces en su posición. La cadera se volvió a reducir. Se le dio un lavado exhaustivo. Las estructuras posteriores de tejidos blandos se fijaron entonces al trocánter mayor a través de túneles transóseos. Se administró un lavado exhaustivo.      </p>

<p>La fascia estaba cerrada, los tejidos cutáneos cerrados, los tejidos subcutáneos cerrados. La piel se cerraba con grapas. A continuación, se aplicó un apósito estéril sobre la herida y el paciente fue trasladado a la unidad de cuidados postoperatorios en estado estable.  </p>

<div class="wp-block-columns is-layout-flex wp-container-core-columns-is-layout-9d6595d7 wp-block-columns-is-layout-flex">
<div class="wp-block-column is-vertically-aligned-bottom is-layout-flow wp-block-column-is-layout-flow"><div class="wp-block-image">
<figure class="alignright size-full"><img decoding="async" data-src="/wp-content/uploads/2020/01/lefthip3.jpg" alt="Imágenes de rayos X postoperatorias que muestran la vista AP y la vista lateral con patas de rana" class="wp-image-52500 lazyload" src="data:image/svg+xml;base64,PHN2ZyB3aWR0aD0iMSIgaGVpZ2h0PSIxIiB4bWxucz0iaHR0cDovL3d3dy53My5vcmcvMjAwMC9zdmciPjwvc3ZnPg==" style="--smush-placeholder-width: 1426px; --smush-placeholder-aspect-ratio: 1426/1999;" /></figure>
</div></div>



<div class="wp-block-column is-vertically-aligned-bottom is-layout-flow wp-block-column-is-layout-flow">
<figure class="wp-block-image size-full"><img decoding="async" data-src="/wp-content/uploads/2020/01/lefthip4.jpg" alt="Imágenes de radiografías postoperatorias que muestran la vista AP y la vista lateral con patas de rana - IMG 2" class="wp-image-52501 lazyload" src="data:image/svg+xml;base64,PHN2ZyB3aWR0aD0iMSIgaGVpZ2h0PSIxIiB4bWxucz0iaHR0cDovL3d3dy53My5vcmcvMjAwMC9zdmciPjwvc3ZnPg==" style="--smush-placeholder-width: 1660px; --smush-placeholder-aspect-ratio: 1660/1839;" /></figure>
</div>
</div>

<p class="has-text-align-center"><strong>Imágenes de radiografías postoperatorias que muestran la vista AP y la vista lateral con patas de rana.</strong></p>

<p>La paciente tuvo una <a href="https://www.cortho.org/es/cadera/guia-de-recuperacion-de-reemplazo-total-de-cadera/">recuperación poco destacada tras la operación</a>. Le retiraron las grapas de la incisión quirúrgica de la cadera izquierda. La incisión estaba intacta y no presentaba signos ni síntomas de infección. Se informó al paciente sobre las precauciones de cadera para evitar la luxación. Le recomendaron fisioterapia.    </p>

<p>La fisioterapia se dirigió al entrenamiento de la marcha, la seguridad en el hogar y la prevención de caídas, y el fortalecimiento muscular. Le aconsejaron que caminara como se tolerara. Le recetaron aspirina 325 mg de difusión intravenosa para profilaxis de trombosis venosa profunda.  </p>

<p>Después de 3 meses, caminaba sin dolor. Le aconsejaron dejar la aspirina y continuar con el programa de ejercicios en casa con una reducción gradual de las precauciones de cadera. Volvió felizmente a conducir su coche y realizar sus actividades diarias, y volvió a trabajar con tareas ligeras. Estaba contenta de estar usando el bastón y comentó que su forma de andar ha mejorado significativamente. Según se informa, experimentó menos dolor en la cadera derecha. Ella hace un seguimiento cuando es necesario.     </p>

<p>Una mujer de 54 años fue derivada a nuestra consulta por su médico de cabecera con molestias de dolor bilateral en la cadera (más en la izquierda que en la derecha) y dificultad para caminar. La paciente afirmó que sufrió una lesión laboral en la cadera izquierda hace 2 años. Siente que el dolor ha [&hellip;]</p>

Estudio de caso: Prótesis total de cadera izquierda en mujer de 54 años

Este estudio de caso trata sobre el reemplazo total de cadera izquierda en una mujer de 54 años con artritis de cadera de Complete Orthopedics, con múltiples ubicaciones en Nueva York.
